9*f**2 - 854*f + 147812. Calculate q(-406).
28
Let j(m) = 380*m + 13221. Give j(-32).
1061
Let j(f) = 4871*f + 9607. What is j(-2)?
-135
Let x(s) = s**3 - 516*s**2 - 8972*s - 47409. Calculate x(533).
28
Let i(n) = -292267*n - 4. Calculate i(0).
-4
Let z(v) = 324*v**2 + 5737*v - 1701. Determine z(-18).
9
Let l(r) = 2*r**3 + 701*r**2 + 1243*r + 559486. Give l(-351).
-8
Let o(j) = -40*j**2 - 3988*j - 2772. Give o(-99).
0
Let p(w) = 51*w + 861. What is p(-27)?
-516
Let r(l) = -9*l**3 - 1764*l**2 - 1767*l - 2337. Give r(-195).
3
Let r(q) = -9*q**2 + 455*q - 5572. What is r(30)?
-22
Let y(c) = -2*c**2 + 443*c + 130867. What is y(-168)?
-5
Let t(r) = 169*r**2 - 502*r - 61. Calculate t(3).
-46
Let k(n) = -2175*n + 380628. Determine k(175).
3
Let x(l) = -123058*l - 1230584. Calculate x(-10).
-4
Let w(p) = p**2 - 3724*p - 14876. Calculate w(-4).
36
Let q(s) = -459*s**2 - 5513*s - 53. Calculate q(-12).
7
Let q(b) = -24*b**2 + 149*b - 161. What is q(4)?
51
Let u(a) = 737*a - 10315. Calculate u(14).
3
Let u(v) = 61*v - 7884. Give u(129).
-15
Let j(l) = 6*l**3 - 2480*l**2 + 842*l - 6594. Calculate j(413).
14
Let i(k) = -1410*k - 194538. Calculate i(-138).
42
Let w(t) = 210*t - 3201. What is w(7)?
-1731
Let a(c) = 2*c**2 - 88*c - 16. Calculate a(24).
-976
Let r(g) = g**3 + 43*g**2 + 449*g - 153. Calculate r(-30).
-1923
Let h(v) = -6266*v + 106558. Determine h(17).
36
Let v(n) = 21*n**2 + 81*n + 4. Determine v(4).
664
Let v(d) = -200*d**3 + 608*d**2 + 22*d - 114. Calculate v(3).
24
Let m(p) = p**2 - 461194*p - 4150838. Give m(-9).
-11
Let f(h) = -h**2 + 580*h + 7631. Determine f(-13).
-78
Let c(b) = 1305996*b + 3. Determine c(0).
3
Let p(k) = 894*k + 14306. Give p(-16).
2
Let q(x) = 2*x**2 - 4341*x + 2035952. Give q(1485).
17
Let y(r) = -r**3 - 849*r**2 + 4890*r - 205429. Determine y(-855).
-229
Let m(n) = -223*n + 58778. Determine m(264).
-94
Let y(g) = -4*g**3 + 114*g**2 + 96*g + 35. Give y(30).
-2485
Let x(y) = -2*y**3 + 5*y**2 + 305*y - 1551. What is x(6)?
27
Let n(r) = -9419*r + 1544715. What is n(164)?
-1
Let y(w) = 3*w**3 + 125*w**2 - 2997*w - 13. Determine y(17).
-98
Let b(o) = -1558*o - 387939. What is b(-249)?
3
Let x(t) = 23*t**2 - 24*t - 187. Determine x(9).
1460
Let s(h) = -806*h + 944. Give s(3).
-1474
Let h(l) = 1542*l - 7510. What is h(5)?
200
Let z(y) = -y**3 - 11*y**2 + 838*y + 4942. What is z(-6)?
-266
Let l(f) = 2*f**2 - 965*f + 17777. What is l(20)?
-723
Let g(d) = d**2 - 196*d + 2748. Calculate g(18).
-456
Let u(z) = -z**2 - 2090*z - 24774. Calculate u(-12).
162
Let a(f) = 2*f**3 + 72*f**2 + 50*f - 1089. Give a(-35).
-389
Let j(p) = p**2 + 4770*p - 304486. What is j(63)?
-7
Let w(r) = -1646691*r + 4940075. Give w(3).
2
Let d(a) = -2820*a**3 + 7*a**2 + 69*a + 66. Determine d(-1).
2824
Let c(m) = -623*m**3 + 2*m**2 + 9*m + 6. What is c(-1)?
622
Let l(x) = -79*x**2 + 535*x + 2. Determine l(5).
702
Let o(c) = c**2 + 15*c - 13848. Calculate o(-125).
-98
Let y(v) = -20179*v - 242144. Calculate y(-12).
4
Let o(m) = m**3 + 270*m**2 - 10952*m - 2299. Calculate o(36).
5
Let f(j) = 21*j**3 + 980*j**2 - 315*j + 606. Give f(-47).
-52
Let a(r) = 2925*r + 119902. Give a(-41).
-23
Let j(b) = 27*b**2 + 14356*b - 333504. Determine j(-554).
4
Let a(z) = -24*z**2 + 119*z + 1270. Calculate a(-10).
-2320
Let x(v) = -v**3 + 547*v**2 + 2766*v + 29. Calculate x(-5).
-1
Let g(a) = -a**2 - 2636*a - 36648. What is g(-14)?
60
Let d(t) = -1495*t - 74283. What is d(-50)?
467
Let n(w) = -90037*w - 2521045. What is n(-28)?
-9
Let j(b) = -b**3 - 94*b**2 + 170*b - 2347. What is j(-96)?
-235
Let v(u) = -3*u**2 + 25*u + 659. Calculate v(-9).
191
Let t(v) = -4*v**3 + 8*v**2 + 41*v - 6. Calculate t(-2).
-24
Let w(h) = -94*h + 6286. Determine w(85).
-1704
Let q(g) = g**3 + 30*g**2 - 26*g + 2299. Give q(-33).
-110
Let a(g) = -66*g - 1219. What is a(5)?
-1549
Let c(a) = -a**3 - 71*a**2 - 196*a + 1061. Determine c(-6).
-103
Let l(h) = 4*h**3 + 3*h**2 + 7719*h + 23218. Give l(-3).
-20
Let t(u) = 204*u + 2159. What is t(-11)?
-85
Let v(j) = 3*j**3 + 25*j**2 - 312*j - 162. Give v(-15).
18
Let w(g) = -279208*g + 1396044. Calculate w(5).
4
Let u(q) = 2732*q + 3890. What is u(0)?
3890
Let f(s) = -133584*s + 14293496. What is f(107)?
8
Let h(z) = z**2 - 10428*z - 439757. Calculate h(-42).
-17
Let r(t) = -41120*t + 2179345. What is r(53)?
-15
Let z(n) = 28675*n - 286777. Calculate z(10).
-27
Let y(q) = 1477*q - 38337. Calculate y(26).
65
Let p(v) = 8218*v + 237914. Calculate p(-29).
-408
Let g(w) = 3608*w + 28673. Calculate g(-9).
-3799
Let u(l) = -382804*l - 27179093. Determine u(-71).
-9
Let c(d) = -1338*d**2 - 287680*d - 2154. What is c(-215)?
-4
Let l(h) = -102*h**2 - 89*h + 285. Determine l(4).
-1703
Let c(w) = -13*w**3 + 1144*w**2 - 40*w + 3454. What is c(88)?
-66
Let n(b) = 34*b**3 - 76*b**2 - 494*b - 703. What is n(-2)?
-291
Let s(y) = -1375*y + 2796. Determine s(2).
46
Let w(o) = -2*o**2 - 11635*o + 303844. Give w(26).
-18
Let f(y) = 314*y**2 + 24355*y + 13629. What is f(-77)?
0
Let n(c) = -c**3 - 29*c**2 + 21*c - 1394. What is n(-28)?
-2766
Let y(d) = -302997*d - 1211995. Calculate y(-4).
-7
Let f(p) = 9*p**2 + 275*p + 757. Give f(-3).
13
Let i(o) = -o**2 - 434*o - 47128. Calculate i(-225).
-103
Let m(b) = b**3 - 78*b**2 + 1597*b - 109815. What is m(76)?
5
Let a(w) = 4904*w + 54020. Give a(-11).
76
Let t(v) = -2*v**3 + 148*v**2 + 325*v - 1561. Give t(76).
35
Let x(j) = j**3 + 56*j**2 + 189*j - 3373. Determine x(-51).
-7
Let j(d) = 865*d + 166076. What is j(-192)?
-4
Let i(k) = k**2 + 12340*k + 724369. Determine i(-59).
-210
Let f(y) = 1811*y - 6304. Determine f(4).
940
Let r(u) = 130*u - 5723. Determine r(40).
-523
Let d(b) = 27868*b + 167166. Determine d(-6).
-42
Let n(l) = 592*l + 146796. Determine n(-248).
-20
Let k(f) = 1338*f + 244797. What is k(-183)?
-57
Let x(n) = 1191228*n + 5956144. Determine x(-5).
4
Let f(w) = -w**2 + 53*w - 440. Give f(39).
106
Let w(u) = -294*u + 25569. Determine w(86).
285
Let i(u) = 4*u**2 - 81*u + 1497. Calculate i(13).
1120
Let a(t) = 3*t**3 - 179*t**2 + 67*t + 3024. Give a(59).
15
Let a(v) = -2*v**3 + 17*v**2 - 29*v - 100. Calculate a(4).
-72
Let q(s) = -s**3 - 106*s**2 - 2553*s - 37862. What is q(-80)?
-22
Let j(m) = -1470*m + 57266. What is j(39)?
-64
Let n(a) = -15*a**3 + 243*a**2 - 955*a + 6. Determine n(4).
-886
Let t(s) = -3*s**3 - 27*s**2 + 273*s + 2264. Give t(-11).
-13
Let d(b) = 5*b - 228. Determine d(-13).
-293
Let q(l) = -l**3 + 6*l**2 - 717*l - 2222. What is q(-3)?
10
Let s(j) = 32*j**2 - 9055*j + 9054. Give s(1).
31
Let z(g) = g**3 - 262*g**2 + 6555*g - 735. Determine z(234).
-33
Let k(i) = -636*i - 28740. Give k(-45).
-120
Let q(x) = -x**3 - 29*x**2 + 92*x + 960. Give q(-31).
30
Let n(w) = -754*w + 143917. Determine n(191).
-97
Let c(g) = -3*g**3 - 31*g**2 + 37*g + 154. Determine c(-11).
-11
Let p(q) = 2*q**3 + 13*q**2 - 4*q + 1. Give p(-8).
-159
Let a(c) = -61*c**2 + 2310*c + 301. Give a(38).
-3
Let g(a) = -1199*a + 18019. Determine g(15).
34
Let u(q) = -227*q**2 - 5243*q - 101. Determine u(-23).
405
Let f(q) = 127*q**2 - 75554*q - 6542. Determine f(595).
3
Let h(z) = -z**3 - 771*z**2 + 52525*z - 14181. What is h(-834)?
-3
Let u(z) = 28559*z + 771139. What is u(-27)?
46
Let o(h) = 12624*h + 5125357. What is o(-406)?
13
Let j(x) = 2*x**2 - 760*x + 72010. Give j(182).
-62
Let f(b) = -370602*b + 16677086. Determine f(45).
-4
Let m(x) = -6*x**3 - 3*x**2 + 31*x - 86. Calculate m(-7).
1608
Let c(k) = -5*k**2 - 341*k + 1444. Determine c(-73).
-308
Let g(f) = 33*f - 323. Calculate g(-5).
-488
Let y(j) = 148120*j + 26513497. Determine y(-179).
17
Let c(g) = 1771*g + 293986. Give c(-166).
0
Let g(w) = 3*w**3 - 115*w**2 - 204*w + 71. What is g(40)?
-89
Let c(p) = 7015*p + 40144. Calculate c(-6).
-1946
Let d(g) = -25496*g + 484391. Calculate d(19).
-33
Let g(t) = -5*t**3 + 316*t**2 - 1903*t + 21. What is g(6)?
-1101
Let k(b) = b**3 - 63*b**2 - 898*b - 172. Give k(75).
-22
Let t(b) = -b**3 + 16*b**2 - 181*b + 1265. Give t(11).
-121
Let g(j) = -3*j**2 + 7759*j + 31026. Calculate g(-4).
-58
Let b(g) = 11744*g - 35092. Determine b(3).
140
Let s(q) = q**2 + 13923*q - 25334203. Give s(1629).
5
Let m(d) = 12*d**2 + 3121*d + 178. Give m(-260).
-82
Let s(k) = -98*k - 1639. What is s(-15)?
-169
Let j(u) = 1352*u - 1119463. Calculate j(828).
-7